{"version":"1.0","provider_name":"Temmel | Seywald - Corporate Communications","provider_url":"https:\/\/www.tsp.at\/en\/","title":"STEYR Traktoren jetzt mit eigener Fanseite - Temmel | Seywald - Corporate Communications","type":"rich","width":600,"height":338,"html":"<blockquote class=\"wp-embedded-content\" data-secret=\"IhmRuSXish\"><a href=\"https:\/\/www.tsp.at\/en\/2008\/06\/05\/steyr-traktoren-jetzt-mit-eigener-fanseite\/\">STEYR Traktoren jetzt mit eigener Fanseite<\/a><\/blockquote><iframe sandbox=\"allow-scripts\" security=\"restricted\" src=\"https:\/\/www.tsp.at\/en\/2008\/06\/05\/steyr-traktoren-jetzt-mit-eigener-fanseite\/embed\/#?secret=IhmRuSXish\" width=\"600\" height=\"338\" title=\"&#8220;STEYR Traktoren jetzt mit eigener Fanseite&#8221; &#8212; Temmel | Seywald - Corporate Communications\" data-secret=\"IhmRuSXish\" frameborder=\"0\" marginwidth=\"0\" marginheight=\"0\" scrolling=\"no\" class=\"wp-embedded-content\"><\/iframe><script>\n\/*! This file is auto-generated *\/\n!function(d,l){\"use strict\";l.querySelector&&d.addEventListener&&\"undefined\"!=typeof URL&&(d.wp=d.wp||{},d.wp.receiveEmbedMessage||(d.wp.receiveEmbedMessage=function(e){var t=e.data;if((t||t.secret||t.message||t.value)&&!\/[^a-zA-Z0-9]\/.test(t.secret)){for(var s,r,n,a=l.querySelectorAll('iframe[data-secret=\"'+t.secret+'\"]'),o=l.querySelectorAll('blockquote[data-secret=\"'+t.secret+'\"]'),c=new RegExp(\"^https?:$\",\"i\"),i=0;i<o.length;i++)o[i].style.display=\"none\";for(i=0;i<a.length;i++)s=a[i],e.source===s.contentWindow&&(s.removeAttribute(\"style\"),\"height\"===t.message?(1e3<(r=parseInt(t.value,10))?r=1e3:~~r<200&&(r=200),s.height=r):\"link\"===t.message&&(r=new URL(s.getAttribute(\"src\")),n=new URL(t.value),c.test(n.protocol))&&n.host===r.host&&l.activeElement===s&&(d.top.location.href=t.value))}},d.addEventListener(\"message\",d.wp.receiveEmbedMessage,!1),l.addEventListener(\"DOMContentLoaded\",function(){for(var e,t,s=l.querySelectorAll(\"iframe.wp-embedded-content\"),r=0;r<s.length;r++)(t=(e=s[r]).getAttribute(\"data-secret\"))||(t=Math.random().toString(36).substring(2,12),e.src+=\"#?secret=\"+t,e.setAttribute(\"data-secret\",t)),e.contentWindow.postMessage({message:\"ready\",secret:t},\"*\")},!1)))}(window,document);\n\/\/# sourceURL=https:\/\/www.tsp.at\/wp-includes\/js\/wp-embed.min.js\n<\/script>\n","thumbnail_url":"https:\/\/www.tsp.at\/wp-content\/uploads\/2025\/10\/106.jpg","thumbnail_width":906,"thumbnail_height":810,"description":"\u00d6sterreichs Kultmarke erfreut sich wachsender Anh\u00e4ngerschaft 05.06.2008 St. Valentin \u2013 &#8220;Den Diesel im Blut&#8221; haben Traktorfahrer der Marke STEYR, berichtet der Volksmund, und der t\u00e4uscht sich selten. Seit mehr als 60 Jahren erfreuen die Ackerschlepper aus der Traktorenschmiede St. Valentin nun das Herz der Agrarier, und die Anh\u00e4ngerschaft w\u00e4chst und w\u00e4chst. Aus diesem Grund haben&hellip;"}

Österreichs Kultmarke erfreut sich wachsender Anhängerschaft 05.06.2008 St. Valentin – &#8220;Den Diesel im Blut&#8221; haben Traktorfahrer der Marke STEYR, berichtet der Volksmund, und der täuscht sich selten. Seit mehr als 60 Jahren erfreuen die Ackerschlepper aus der Traktorenschmiede St. Valentin nun das Herz der Agrarier, und die Anhängerschaft wächst und wächst. Aus diesem Grund haben&hellip;
