{"version":"1.0","provider_name":"Temmel | Seywald - Corporate Communications","provider_url":"https:\/\/www.tsp.at\/en\/","title":"Fulminanter Auftakt der Genuss Region ins 5. Jahr - Temmel | Seywald - Corporate Communications","type":"rich","width":600,"height":338,"html":"<blockquote class=\"wp-embedded-content\" data-secret=\"UNCTYUmuZo\"><a href=\"https:\/\/www.tsp.at\/en\/2009\/01\/22\/fulminanter-auftakt-der-genuss-region-ins-5-jahr\/\">Fulminanter Auftakt der Genuss Region ins 5. Jahr<\/a><\/blockquote><iframe sandbox=\"allow-scripts\" security=\"restricted\" src=\"https:\/\/www.tsp.at\/en\/2009\/01\/22\/fulminanter-auftakt-der-genuss-region-ins-5-jahr\/embed\/#?secret=UNCTYUmuZo\" width=\"600\" height=\"338\" title=\"&#8220;Fulminanter Auftakt der Genuss Region ins 5. Jahr&#8221; &#8212; Temmel | Seywald - Corporate Communications\" data-secret=\"UNCTYUmuZo\" frameborder=\"0\" marginwidth=\"0\" marginheight=\"0\" scrolling=\"no\" class=\"wp-embedded-content\"><\/iframe><script>\n\/*! This file is auto-generated *\/\n!function(d,l){\"use strict\";l.querySelector&&d.addEventListener&&\"undefined\"!=typeof URL&&(d.wp=d.wp||{},d.wp.receiveEmbedMessage||(d.wp.receiveEmbedMessage=function(e){var t=e.data;if((t||t.secret||t.message||t.value)&&!\/[^a-zA-Z0-9]\/.test(t.secret)){for(var s,r,n,a=l.querySelectorAll('iframe[data-secret=\"'+t.secret+'\"]'),o=l.querySelectorAll('blockquote[data-secret=\"'+t.secret+'\"]'),c=new RegExp(\"^https?:$\",\"i\"),i=0;i<o.length;i++)o[i].style.display=\"none\";for(i=0;i<a.length;i++)s=a[i],e.source===s.contentWindow&&(s.removeAttribute(\"style\"),\"height\"===t.message?(1e3<(r=parseInt(t.value,10))?r=1e3:~~r<200&&(r=200),s.height=r):\"link\"===t.message&&(r=new URL(s.getAttribute(\"src\")),n=new URL(t.value),c.test(n.protocol))&&n.host===r.host&&l.activeElement===s&&(d.top.location.href=t.value))}},d.addEventListener(\"message\",d.wp.receiveEmbedMessage,!1),l.addEventListener(\"DOMContentLoaded\",function(){for(var e,t,s=l.querySelectorAll(\"iframe.wp-embedded-content\"),r=0;r<s.length;r++)(t=(e=s[r]).getAttribute(\"data-secret\"))||(t=Math.random().toString(36).substring(2,12),e.src+=\"#?secret=\"+t,e.setAttribute(\"data-secret\",t)),e.contentWindow.postMessage({message:\"ready\",secret:t},\"*\")},!1)))}(window,document);\n\/\/# sourceURL=https:\/\/www.tsp.at\/wp-includes\/js\/wp-embed.min.js\n<\/script>\n","thumbnail_url":"https:\/\/www.tsp.at\/wp-content\/uploads\/2025\/10\/124.jpg","thumbnail_width":2100,"thumbnail_height":1400,"description":"Landwirtschaftsminister Niki Berlakovich sieht enormen Trend 22.01.2009 Salzburg, Heffterhof \u2013 Mit Hochstimmung ist die Genuss Region \u00d6sterreich auf ihrer Bundestagung in Salzburg ins f\u00fcnfte Jahr gestartet. Landwirtschaftsminister Niki Berlakovich sprach vor Vertretern aus \u00fcber 100 Genussregionen \u00d6sterreichs von einem enormen Trend, den die Genuss Region \u00d6sterreich ausgel\u00f6st habe. Er werde alles daran setzen, die Vorreiterrolle&hellip;"}

Landwirtschaftsminister Niki Berlakovich sieht enormen Trend 22.01.2009 Salzburg, Heffterhof – Mit Hochstimmung ist die Genuss Region Österreich auf ihrer Bundestagung in Salzburg ins fünfte Jahr gestartet. Landwirtschaftsminister Niki Berlakovich sprach vor Vertretern aus über 100 Genussregionen Österreichs von einem enormen Trend, den die Genuss Region Österreich ausgelöst habe. Er werde alles daran setzen, die Vorreiterrolle&hellip;
