{"version":"1.0","provider_name":"Temmel | Seywald - Corporate Communications","provider_url":"https:\/\/www.tsp.at\/en\/","title":"Ehlers und Wunschel auf Social Media Tour - Temmel | Seywald - Corporate Communications","type":"rich","width":600,"height":338,"html":"<blockquote class=\"wp-embedded-content\" data-secret=\"f9DdhlLxLK\"><a href=\"https:\/\/www.tsp.at\/en\/2011\/08\/06\/ehlers-und-wunschel-auf-social-media-tour\/\">Ehlers und Wunschel auf Social Media Tour<\/a><\/blockquote><iframe sandbox=\"allow-scripts\" security=\"restricted\" src=\"https:\/\/www.tsp.at\/en\/2011\/08\/06\/ehlers-und-wunschel-auf-social-media-tour\/embed\/#?secret=f9DdhlLxLK\" width=\"600\" height=\"338\" title=\"&#8220;Ehlers und Wunschel auf Social Media Tour&#8221; &#8212; Temmel | Seywald - Corporate Communications\" data-secret=\"f9DdhlLxLK\" frameborder=\"0\" marginwidth=\"0\" marginheight=\"0\" scrolling=\"no\" class=\"wp-embedded-content\"><\/iframe><script>\n\/*! This file is auto-generated *\/\n!function(d,l){\"use strict\";l.querySelector&&d.addEventListener&&\"undefined\"!=typeof URL&&(d.wp=d.wp||{},d.wp.receiveEmbedMessage||(d.wp.receiveEmbedMessage=function(e){var t=e.data;if((t||t.secret||t.message||t.value)&&!\/[^a-zA-Z0-9]\/.test(t.secret)){for(var s,r,n,a=l.querySelectorAll('iframe[data-secret=\"'+t.secret+'\"]'),o=l.querySelectorAll('blockquote[data-secret=\"'+t.secret+'\"]'),c=new RegExp(\"^https?:$\",\"i\"),i=0;i<o.length;i++)o[i].style.display=\"none\";for(i=0;i<a.length;i++)s=a[i],e.source===s.contentWindow&&(s.removeAttribute(\"style\"),\"height\"===t.message?(1e3<(r=parseInt(t.value,10))?r=1e3:~~r<200&&(r=200),s.height=r):\"link\"===t.message&&(r=new URL(s.getAttribute(\"src\")),n=new URL(t.value),c.test(n.protocol))&&n.host===r.host&&l.activeElement===s&&(d.top.location.href=t.value))}},d.addEventListener(\"message\",d.wp.receiveEmbedMessage,!1),l.addEventListener(\"DOMContentLoaded\",function(){for(var e,t,s=l.querySelectorAll(\"iframe.wp-embedded-content\"),r=0;r<s.length;r++)(t=(e=s[r]).getAttribute(\"data-secret\"))||(t=Math.random().toString(36).substring(2,12),e.src+=\"#?secret=\"+t,e.setAttribute(\"data-secret\",t)),e.contentWindow.postMessage({message:\"ready\",secret:t},\"*\")},!1)))}(window,document);\n\/\/# sourceURL=https:\/\/www.tsp.at\/wp-includes\/js\/wp-embed.min.js\n<\/script>\n","thumbnail_url":"https:\/\/www.tsp.at\/wp-content\/uploads\/2025\/10\/192.jpg","thumbnail_width":300,"thumbnail_height":250,"description":"pressetext-Workshop 06.08.2011 Berlin \u2013 Die Medienprofis Michael Ehlers und Alex Wunschel sind neue Top-Speaker der erfolgreichen Workshop-Reihe &#8220;Social Media Praxis&#8221; der Nachrichtenagentur pressetext. Auftakt der geplanten Herbsttour ist Bregenz am 3. Oktober. Danach folgen 20 weitere St\u00e4dte in Deutschland, \u00d6sterreich und der Schweiz. In den vergangenen zwei Jahren nahmen \u00fcber 1.500 Teilnehmer an den beliebten&hellip;"}

pressetext-Workshop 06.08.2011 Berlin – Die Medienprofis Michael Ehlers und Alex Wunschel sind neue Top-Speaker der erfolgreichen Workshop-Reihe &#8220;Social Media Praxis&#8221; der Nachrichtenagentur pressetext. Auftakt der geplanten Herbsttour ist Bregenz am 3. Oktober. Danach folgen 20 weitere Städte in Deutschland, Österreich und der Schweiz. In den vergangenen zwei Jahren nahmen über 1.500 Teilnehmer an den beliebten&hellip;
