{"version":"1.0","provider_name":"Temmel | Seywald - Corporate Communications","provider_url":"https:\/\/www.tsp.at\/en\/","title":"Denk.Raum.Fresach stellt Programm in Wien vor - Temmel | Seywald - Corporate Communications","type":"rich","width":600,"height":338,"html":"<blockquote class=\"wp-embedded-content\" data-secret=\"83QoFCiIZF\"><a href=\"https:\/\/www.tsp.at\/en\/2015\/10\/22\/denk-raum-fresach-stellt-programm-in-wien-vor\/\">Denk.Raum.Fresach stellt Programm in Wien vor<\/a><\/blockquote><iframe sandbox=\"allow-scripts\" security=\"restricted\" src=\"https:\/\/www.tsp.at\/en\/2015\/10\/22\/denk-raum-fresach-stellt-programm-in-wien-vor\/embed\/#?secret=83QoFCiIZF\" width=\"600\" height=\"338\" title=\"&#8220;Denk.Raum.Fresach stellt Programm in Wien vor&#8221; &#8212; Temmel | Seywald - Corporate Communications\" data-secret=\"83QoFCiIZF\" frameborder=\"0\" marginwidth=\"0\" marginheight=\"0\" scrolling=\"no\" class=\"wp-embedded-content\"><\/iframe><script>\n\/*! This file is auto-generated *\/\n!function(d,l){\"use strict\";l.querySelector&&d.addEventListener&&\"undefined\"!=typeof URL&&(d.wp=d.wp||{},d.wp.receiveEmbedMessage||(d.wp.receiveEmbedMessage=function(e){var t=e.data;if((t||t.secret||t.message||t.value)&&!\/[^a-zA-Z0-9]\/.test(t.secret)){for(var s,r,n,a=l.querySelectorAll('iframe[data-secret=\"'+t.secret+'\"]'),o=l.querySelectorAll('blockquote[data-secret=\"'+t.secret+'\"]'),c=new RegExp(\"^https?:$\",\"i\"),i=0;i<o.length;i++)o[i].style.display=\"none\";for(i=0;i<a.length;i++)s=a[i],e.source===s.contentWindow&&(s.removeAttribute(\"style\"),\"height\"===t.message?(1e3<(r=parseInt(t.value,10))?r=1e3:~~r<200&&(r=200),s.height=r):\"link\"===t.message&&(r=new URL(s.getAttribute(\"src\")),n=new URL(t.value),c.test(n.protocol))&&n.host===r.host&&l.activeElement===s&&(d.top.location.href=t.value))}},d.addEventListener(\"message\",d.wp.receiveEmbedMessage,!1),l.addEventListener(\"DOMContentLoaded\",function(){for(var e,t,s=l.querySelectorAll(\"iframe.wp-embedded-content\"),r=0;r<s.length;r++)(t=(e=s[r]).getAttribute(\"data-secret\"))||(t=Math.random().toString(36).substring(2,12),e.src+=\"#?secret=\"+t,e.setAttribute(\"data-secret\",t)),e.contentWindow.postMessage({message:\"ready\",secret:t},\"*\")},!1)))}(window,document);\n\/\/# sourceURL=https:\/\/www.tsp.at\/wp-includes\/js\/wp-embed.min.js\n<\/script>\n","thumbnail_url":"https:\/\/www.tsp.at\/wp-content\/uploads\/2025\/10\/wini.jpg","thumbnail_width":2100,"thumbnail_height":1953,"description":"Grenzen, Klimawandel und Menschenrechte bei Europ\u00e4ischen Toleranzgespr\u00e4chen 2016 22.10.2015 Wien \u2013 &#8220;Die Grenzen Europas &#8211; Menschenrechte und die Folgen des Klimawandels&#8221; stehen im Mittelpunkt der zweiten Europ\u00e4ischen Toleranzgespr\u00e4che, die vom 11. bis 14. Mai 2016 im K\u00e4rntner Bergdorf Fresach stattfinden. Das Programm und die ausgew\u00e4hlten Referenten werden am 3. November 2015 in Wien vorgestellt. Veranstalter&hellip;"}

Grenzen, Klimawandel und Menschenrechte bei Europäischen Toleranzgesprächen 2016 22.10.2015 Wien – &#8220;Die Grenzen Europas &#8211; Menschenrechte und die Folgen des Klimawandels&#8221; stehen im Mittelpunkt der zweiten Europäischen Toleranzgespräche, die vom 11. bis 14. Mai 2016 im Kärntner Bergdorf Fresach stattfinden. Das Programm und die ausgewählten Referenten werden am 3. November 2015 in Wien vorgestellt. Veranstalter&hellip;
