{"version":"1.0","provider_name":"Temmel | Seywald - Corporate Communications","provider_url":"https:\/\/www.tsp.at\/en\/","title":"T\u00f6pfer: \"Gute Klimapolitik wird Friedenspolitik\" - Temmel | Seywald - Corporate Communications","type":"rich","width":600,"height":338,"html":"<blockquote class=\"wp-embedded-content\" data-secret=\"j3QwLBx9Lr\"><a href=\"https:\/\/www.tsp.at\/en\/2016\/03\/18\/toepfer-gute-klimapolitik-wird-friedenspolitik-3\/\">T\u00f6pfer: &#8220;Gute Klimapolitik wird Friedenspolitik&#8221;<\/a><\/blockquote><iframe sandbox=\"allow-scripts\" security=\"restricted\" src=\"https:\/\/www.tsp.at\/en\/2016\/03\/18\/toepfer-gute-klimapolitik-wird-friedenspolitik-3\/embed\/#?secret=j3QwLBx9Lr\" width=\"600\" height=\"338\" title=\"&#8220;T\u00f6pfer: &#8220;Gute Klimapolitik wird Friedenspolitik&#8221;&#8221; &#8212; Temmel | Seywald - Corporate Communications\" data-secret=\"j3QwLBx9Lr\" frameborder=\"0\" marginwidth=\"0\" marginheight=\"0\" scrolling=\"no\" class=\"wp-embedded-content\"><\/iframe><script>\n\/*! This file is auto-generated *\/\n!function(d,l){\"use strict\";l.querySelector&&d.addEventListener&&\"undefined\"!=typeof URL&&(d.wp=d.wp||{},d.wp.receiveEmbedMessage||(d.wp.receiveEmbedMessage=function(e){var t=e.data;if((t||t.secret||t.message||t.value)&&!\/[^a-zA-Z0-9]\/.test(t.secret)){for(var s,r,n,a=l.querySelectorAll('iframe[data-secret=\"'+t.secret+'\"]'),o=l.querySelectorAll('blockquote[data-secret=\"'+t.secret+'\"]'),c=new RegExp(\"^https?:$\",\"i\"),i=0;i<o.length;i++)o[i].style.display=\"none\";for(i=0;i<a.length;i++)s=a[i],e.source===s.contentWindow&&(s.removeAttribute(\"style\"),\"height\"===t.message?(1e3<(r=parseInt(t.value,10))?r=1e3:~~r<200&&(r=200),s.height=r):\"link\"===t.message&&(r=new URL(s.getAttribute(\"src\")),n=new URL(t.value),c.test(n.protocol))&&n.host===r.host&&l.activeElement===s&&(d.top.location.href=t.value))}},d.addEventListener(\"message\",d.wp.receiveEmbedMessage,!1),l.addEventListener(\"DOMContentLoaded\",function(){for(var e,t,s=l.querySelectorAll(\"iframe.wp-embedded-content\"),r=0;r<s.length;r++)(t=(e=s[r]).getAttribute(\"data-secret\"))||(t=Math.random().toString(36).substring(2,12),e.src+=\"#?secret=\"+t,e.setAttribute(\"data-secret\",t)),e.contentWindow.postMessage({message:\"ready\",secret:t},\"*\")},!1)))}(window,document);\n\/\/# sourceURL=https:\/\/www.tsp.at\/wp-includes\/js\/wp-embed.min.js\n<\/script>\n","thumbnail_url":"https:\/\/www.tsp.at\/wp-content\/uploads\/2025\/10\/toepfer-2.jpg","thumbnail_width":1881,"thumbnail_height":2043,"description":"Ex-Umweltminister sieht Energiewende als L\u00f6sung der Fl\u00fcchtlingskrise 18.03.2016 H\u00f6xter\/Wien \u2013 Die Schlie\u00dfung der Balkan-Route, die Weigerung osteurop\u00e4ischer EU-Staaten, Fl\u00fcchtlinge aufzunehmen sowie die katastrophalen Zust\u00e4nde in den Sammelzentren in Griechenland oder auch in der W\u00fcstenhitze Jordaniens, spitzen die internationale Krise zu. pressetext sprach exklusiv mit Klaus T\u00f6pfer, dem langj\u00e4hrigen deutschen Bundesminister f\u00fcr Umwelt, Naturschutz und Reaktorsicherheit&hellip;"}

Töpfer: "Gute Klimapolitik wird Friedenspolitik" - Temmel | Seywald - Corporate Communications

<blockquote class="wp-embedded-content" data-secret="j3QwLBx9Lr"><a href="https://www.tsp.at/en/2016/03/18/toepfer-gute-klimapolitik-wird-friedenspolitik-3/">Töpfer: &#8220;Gute Klimapolitik wird Friedenspolitik&#8221;</a></blockquote><iframe sandbox="allow-scripts" security="restricted" src="https://www.tsp.at/en/2016/03/18/toepfer-gute-klimapolitik-wird-friedenspolitik-3/embed/#?secret=j3QwLBx9Lr" width="600" height="338" title="&#8220;Töpfer: &#8220;Gute Klimapolitik wird Friedenspolitik&#8221;&#8221; &#8212; Temmel | Seywald - Corporate Communications" data-secret="j3QwLBx9Lr" frameborder="0" marginwidth="0" marginheight="0" scrolling="no" class="wp-embedded-content"></iframe><script>
/*! This file is auto-generated */
!function(d,l){"use strict";l.querySelector&&d.addEventListener&&"undefined"!=typeof URL&&(d.wp=d.wp||{},d.wp.receiveEmbedMessage||(d.wp.receiveEmbedMessage=function(e){var t=e.data;if((t||t.secret||t.message||t.value)&&!/[^a-zA-Z0-9]/.test(t.secret)){for(var s,r,n,a=l.querySelectorAll('iframe[data-secret="'+t.secret+'"]'),o=l.querySelectorAll('blockquote[data-secret="'+t.secret+'"]'),c=new RegExp("^https?:$","i"),i=0;i<o.length;i++)o[i].style.display="none";for(i=0;i<a.length;i++)s=a[i],e.source===s.contentWindow&&(s.removeAttribute("style"),"height"===t.message?(1e3<(r=parseInt(t.value,10))?r=1e3:~~r<200&&(r=200),s.height=r):"link"===t.message&&(r=new URL(s.getAttribute("src")),n=new URL(t.value),c.test(n.protocol))&&n.host===r.host&&l.activeElement===s&&(d.top.location.href=t.value))}},d.addEventListener("message",d.wp.receiveEmbedMessage,!1),l.addEventListener("DOMContentLoaded",function(){for(var e,t,s=l.querySelectorAll("iframe.wp-embedded-content"),r=0;r<s.length;r++)(t=(e=s[r]).getAttribute("data-secret"))||(t=Math.random().toString(36).substring(2,12),e.src+="#?secret="+t,e.setAttribute("data-secret",t)),e.contentWindow.postMessage({message:"ready",secret:t},"*")},!1)))}(window,document);
//# sourceURL=https://www.tsp.at/wp-includes/js/wp-embed.min.js
</script>

Ex-Umweltminister sieht Energiewende als Lösung der Flüchtlingskrise 18.03.2016 Höxter/Wien – Die Schließung der Balkan-Route, die Weigerung osteuropäischer EU-Staaten, Flüchtlinge aufzunehmen sowie die katastrophalen Zustände in den Sammelzentren in Griechenland oder auch in der Wüstenhitze Jordaniens, spitzen die internationale Krise zu. pressetext sprach exklusiv mit Klaus Töpfer, dem langjährigen deutschen Bundesminister für Umwelt, Naturschutz und Reaktorsicherheit&hellip;
