{"version":"1.0","provider_name":"Temmel | Seywald - Corporate Communications","provider_url":"https:\/\/www.tsp.at\/en\/","title":"Die Grenzen Europas ab 12. Mai in Fresach - Temmel | Seywald - Corporate Communications","type":"rich","width":600,"height":338,"html":"<blockquote class=\"wp-embedded-content\" data-secret=\"OAf5YuBnJK\"><a href=\"https:\/\/www.tsp.at\/en\/2016\/05\/06\/die-grenzen-europas-ab-12-mai-in-fresach\/\">Die Grenzen Europas ab 12. Mai in Fresach<\/a><\/blockquote><iframe sandbox=\"allow-scripts\" security=\"restricted\" src=\"https:\/\/www.tsp.at\/en\/2016\/05\/06\/die-grenzen-europas-ab-12-mai-in-fresach\/embed\/#?secret=OAf5YuBnJK\" width=\"600\" height=\"338\" title=\"&#8220;Die Grenzen Europas ab 12. Mai in Fresach&#8221; &#8212; Temmel | Seywald - Corporate Communications\" data-secret=\"OAf5YuBnJK\" frameborder=\"0\" marginwidth=\"0\" marginheight=\"0\" scrolling=\"no\" class=\"wp-embedded-content\"><\/iframe><script>\n\/*! This file is auto-generated *\/\n!function(d,l){\"use strict\";l.querySelector&&d.addEventListener&&\"undefined\"!=typeof URL&&(d.wp=d.wp||{},d.wp.receiveEmbedMessage||(d.wp.receiveEmbedMessage=function(e){var t=e.data;if((t||t.secret||t.message||t.value)&&!\/[^a-zA-Z0-9]\/.test(t.secret)){for(var s,r,n,a=l.querySelectorAll('iframe[data-secret=\"'+t.secret+'\"]'),o=l.querySelectorAll('blockquote[data-secret=\"'+t.secret+'\"]'),c=new RegExp(\"^https?:$\",\"i\"),i=0;i<o.length;i++)o[i].style.display=\"none\";for(i=0;i<a.length;i++)s=a[i],e.source===s.contentWindow&&(s.removeAttribute(\"style\"),\"height\"===t.message?(1e3<(r=parseInt(t.value,10))?r=1e3:~~r<200&&(r=200),s.height=r):\"link\"===t.message&&(r=new URL(s.getAttribute(\"src\")),n=new URL(t.value),c.test(n.protocol))&&n.host===r.host&&l.activeElement===s&&(d.top.location.href=t.value))}},d.addEventListener(\"message\",d.wp.receiveEmbedMessage,!1),l.addEventListener(\"DOMContentLoaded\",function(){for(var e,t,s=l.querySelectorAll(\"iframe.wp-embedded-content\"),r=0;r<s.length;r++)(t=(e=s[r]).getAttribute(\"data-secret\"))||(t=Math.random().toString(36).substring(2,12),e.src+=\"#?secret=\"+t,e.setAttribute(\"data-secret\",t)),e.contentWindow.postMessage({message:\"ready\",secret:t},\"*\")},!1)))}(window,document);\n\/\/# sourceURL=https:\/\/www.tsp.at\/wp-includes\/js\/wp-embed.min.js\n<\/script>\n","thumbnail_url":"https:\/\/www.tsp.at\/wp-content\/uploads\/2025\/10\/1_19.jpg","thumbnail_width":1670,"thumbnail_height":1830,"description":"Europ\u00e4ische Toleranzgespr\u00e4che 2016 zu Klimawandel und Migration 06.05.2016 Villach \u2013 &#8220;Die Grenzen Europas und die Folgen des Klimawandels&#8221; stehen im Mittelpunkt der dreit\u00e4gigen Europ\u00e4ischen Toleranzgespr\u00e4che 2016, die ab kommenden Donnerstag vor Pfingsten im K\u00e4rntner Bergdorf Fresach stattfinden. Die Er\u00f6ffnung erfolgt Mittwoch abend (11.5.) mit Landeshauptmann Peter Kaiser und B\u00fcrgermeister G\u00fcnther Albel in Villach. Knapp 50&hellip;"}

Europäische Toleranzgespräche 2016 zu Klimawandel und Migration 06.05.2016 Villach – &#8220;Die Grenzen Europas und die Folgen des Klimawandels&#8221; stehen im Mittelpunkt der dreitägigen Europäischen Toleranzgespräche 2016, die ab kommenden Donnerstag vor Pfingsten im Kärntner Bergdorf Fresach stattfinden. Die Eröffnung erfolgt Mittwoch abend (11.5.) mit Landeshauptmann Peter Kaiser und Bürgermeister Günther Albel in Villach. Knapp 50&hellip;
