{"version":"1.0","provider_name":"Temmel | Seywald - Corporate Communications","provider_url":"https:\/\/www.tsp.at\/en\/","title":"FIRST MALLORCA feiert 20 Jahre - Temmel | Seywald - Corporate Communications","type":"rich","width":600,"height":338,"html":"<blockquote class=\"wp-embedded-content\" data-secret=\"BKemcdU96C\"><a href=\"https:\/\/www.tsp.at\/en\/2016\/06\/14\/first-mallorca-feiert-20-jahre\/\">FIRST MALLORCA feiert 20 Jahre<\/a><\/blockquote><iframe sandbox=\"allow-scripts\" security=\"restricted\" src=\"https:\/\/www.tsp.at\/en\/2016\/06\/14\/first-mallorca-feiert-20-jahre\/embed\/#?secret=BKemcdU96C\" width=\"600\" height=\"338\" title=\"&#8220;FIRST MALLORCA feiert 20 Jahre&#8221; &#8212; Temmel | Seywald - Corporate Communications\" data-secret=\"BKemcdU96C\" frameborder=\"0\" marginwidth=\"0\" marginheight=\"0\" scrolling=\"no\" class=\"wp-embedded-content\"><\/iframe><script>\n\/*! This file is auto-generated *\/\n!function(d,l){\"use strict\";l.querySelector&&d.addEventListener&&\"undefined\"!=typeof URL&&(d.wp=d.wp||{},d.wp.receiveEmbedMessage||(d.wp.receiveEmbedMessage=function(e){var t=e.data;if((t||t.secret||t.message||t.value)&&!\/[^a-zA-Z0-9]\/.test(t.secret)){for(var s,r,n,a=l.querySelectorAll('iframe[data-secret=\"'+t.secret+'\"]'),o=l.querySelectorAll('blockquote[data-secret=\"'+t.secret+'\"]'),c=new RegExp(\"^https?:$\",\"i\"),i=0;i<o.length;i++)o[i].style.display=\"none\";for(i=0;i<a.length;i++)s=a[i],e.source===s.contentWindow&&(s.removeAttribute(\"style\"),\"height\"===t.message?(1e3<(r=parseInt(t.value,10))?r=1e3:~~r<200&&(r=200),s.height=r):\"link\"===t.message&&(r=new URL(s.getAttribute(\"src\")),n=new URL(t.value),c.test(n.protocol))&&n.host===r.host&&l.activeElement===s&&(d.top.location.href=t.value))}},d.addEventListener(\"message\",d.wp.receiveEmbedMessage,!1),l.addEventListener(\"DOMContentLoaded\",function(){for(var e,t,s=l.querySelectorAll(\"iframe.wp-embedded-content\"),r=0;r<s.length;r++)(t=(e=s[r]).getAttribute(\"data-secret\"))||(t=Math.random().toString(36).substring(2,12),e.src+=\"#?secret=\"+t,e.setAttribute(\"data-secret\",t)),e.contentWindow.postMessage({message:\"ready\",secret:t},\"*\")},!1)))}(window,document);\n\/\/# sourceURL=https:\/\/www.tsp.at\/wp-includes\/js\/wp-embed.min.js\n<\/script>\n","thumbnail_url":"https:\/\/www.tsp.at\/wp-content\/uploads\/2025\/10\/First_Mallorca_20_Aniversario-209-1024x684.jpg","thumbnail_width":1024,"thumbnail_height":684,"description":"Neue Werbekampagne zum Firmenjubil\u00e4um 14.06.2016 Palma de Mallorca \u2013 Grund zum Feiern hat der spanische Freizeit-Immobilienmakler &#8220;First Mallorca&#8221;: Vor genau 20 Jahren er\u00f6ffnete die geb\u00fcrtige K\u00e4rntnerin Heidi Stadler ihr erstes Maklerb\u00fcro in Palma. Heute z\u00e4hlt &#8220;First Mallorca&#8221; mit seinen 40 Beraterinnen und Beratern zu den erfolgreichsten Premium-Maklern auf den Balearen, mit einem Vermittlungsvolumen von rund&hellip;"}

Neue Werbekampagne zum Firmenjubiläum 14.06.2016 Palma de Mallorca – Grund zum Feiern hat der spanische Freizeit-Immobilienmakler &#8220;First Mallorca&#8221;: Vor genau 20 Jahren eröffnete die gebürtige Kärntnerin Heidi Stadler ihr erstes Maklerbüro in Palma. Heute zählt &#8220;First Mallorca&#8221; mit seinen 40 Beraterinnen und Beratern zu den erfolgreichsten Premium-Maklern auf den Balearen, mit einem Vermittlungsvolumen von rund&hellip;
