{"version":"1.0","provider_name":"Temmel | Seywald - Corporate Communications","provider_url":"https:\/\/www.tsp.at\/en\/","title":"Erfreuliches Medienecho auf Toleranzgespr\u00e4che - Temmel | Seywald - Corporate Communications","type":"rich","width":600,"height":338,"html":"<blockquote class=\"wp-embedded-content\" data-secret=\"IFVF4WNSl7\"><a href=\"https:\/\/www.tsp.at\/en\/2016\/06\/16\/erfreuliches-medienecho-auf-toleranzgespraeche\/\">Erfreuliches Medienecho auf Toleranzgespr\u00e4che<\/a><\/blockquote><iframe sandbox=\"allow-scripts\" security=\"restricted\" src=\"https:\/\/www.tsp.at\/en\/2016\/06\/16\/erfreuliches-medienecho-auf-toleranzgespraeche\/embed\/#?secret=IFVF4WNSl7\" width=\"600\" height=\"338\" title=\"&#8220;Erfreuliches Medienecho auf Toleranzgespr\u00e4che&#8221; &#8212; Temmel | Seywald - Corporate Communications\" data-secret=\"IFVF4WNSl7\" frameborder=\"0\" marginwidth=\"0\" marginheight=\"0\" scrolling=\"no\" class=\"wp-embedded-content\"><\/iframe><script>\n\/*! This file is auto-generated *\/\n!function(d,l){\"use strict\";l.querySelector&&d.addEventListener&&\"undefined\"!=typeof URL&&(d.wp=d.wp||{},d.wp.receiveEmbedMessage||(d.wp.receiveEmbedMessage=function(e){var t=e.data;if((t||t.secret||t.message||t.value)&&!\/[^a-zA-Z0-9]\/.test(t.secret)){for(var s,r,n,a=l.querySelectorAll('iframe[data-secret=\"'+t.secret+'\"]'),o=l.querySelectorAll('blockquote[data-secret=\"'+t.secret+'\"]'),c=new RegExp(\"^https?:$\",\"i\"),i=0;i<o.length;i++)o[i].style.display=\"none\";for(i=0;i<a.length;i++)s=a[i],e.source===s.contentWindow&&(s.removeAttribute(\"style\"),\"height\"===t.message?(1e3<(r=parseInt(t.value,10))?r=1e3:~~r<200&&(r=200),s.height=r):\"link\"===t.message&&(r=new URL(s.getAttribute(\"src\")),n=new URL(t.value),c.test(n.protocol))&&n.host===r.host&&l.activeElement===s&&(d.top.location.href=t.value))}},d.addEventListener(\"message\",d.wp.receiveEmbedMessage,!1),l.addEventListener(\"DOMContentLoaded\",function(){for(var e,t,s=l.querySelectorAll(\"iframe.wp-embedded-content\"),r=0;r<s.length;r++)(t=(e=s[r]).getAttribute(\"data-secret\"))||(t=Math.random().toString(36).substring(2,12),e.src+=\"#?secret=\"+t,e.setAttribute(\"data-secret\",t)),e.contentWindow.postMessage({message:\"ready\",secret:t},\"*\")},!1)))}(window,document);\n\/\/# sourceURL=https:\/\/www.tsp.at\/wp-includes\/js\/wp-embed.min.js\n<\/script>\n","thumbnail_url":"https:\/\/www.tsp.at\/wp-content\/uploads\/2025\/10\/2G4D4306-5-scaled.jpg","thumbnail_width":2560,"thumbnail_height":1707,"description":"&#8220;Die Zukunft der Freiheit&#8221; als Thema f\u00fcr 2017 fixiert 16.06.2016 Fresach (K\u00e4rnten) \u2013 Die zweite Auflage der Europ\u00e4ischen Toleranzgespr\u00e4che vom 11. bis 14. Mai 2016 im K\u00e4rntner Bergdorf Fresach ist von Politik und Medien ebenso wie von den Vortragenden und G\u00e4sten \u00fcberaus positiv aufgenommen worden. Dank zahlreicher Rundfunk-Beitr\u00e4ge, Zeitungsberichte und Online-Ver\u00f6ffentlichungen konnte die mediale Reichweite&hellip;"}

Erfreuliches Medienecho auf Toleranzgespräche - Temmel | Seywald - Corporate Communications

<blockquote class="wp-embedded-content" data-secret="IFVF4WNSl7"><a href="https://www.tsp.at/en/2016/06/16/erfreuliches-medienecho-auf-toleranzgespraeche/">Erfreuliches Medienecho auf Toleranzgespräche</a></blockquote><iframe sandbox="allow-scripts" security="restricted" src="https://www.tsp.at/en/2016/06/16/erfreuliches-medienecho-auf-toleranzgespraeche/embed/#?secret=IFVF4WNSl7" width="600" height="338" title="&#8220;Erfreuliches Medienecho auf Toleranzgespräche&#8221; &#8212; Temmel | Seywald - Corporate Communications" data-secret="IFVF4WNSl7" frameborder="0" marginwidth="0" marginheight="0" scrolling="no" class="wp-embedded-content"></iframe><script>
/*! This file is auto-generated */
!function(d,l){"use strict";l.querySelector&&d.addEventListener&&"undefined"!=typeof URL&&(d.wp=d.wp||{},d.wp.receiveEmbedMessage||(d.wp.receiveEmbedMessage=function(e){var t=e.data;if((t||t.secret||t.message||t.value)&&!/[^a-zA-Z0-9]/.test(t.secret)){for(var s,r,n,a=l.querySelectorAll('iframe[data-secret="'+t.secret+'"]'),o=l.querySelectorAll('blockquote[data-secret="'+t.secret+'"]'),c=new RegExp("^https?:$","i"),i=0;i<o.length;i++)o[i].style.display="none";for(i=0;i<a.length;i++)s=a[i],e.source===s.contentWindow&&(s.removeAttribute("style"),"height"===t.message?(1e3<(r=parseInt(t.value,10))?r=1e3:~~r<200&&(r=200),s.height=r):"link"===t.message&&(r=new URL(s.getAttribute("src")),n=new URL(t.value),c.test(n.protocol))&&n.host===r.host&&l.activeElement===s&&(d.top.location.href=t.value))}},d.addEventListener("message",d.wp.receiveEmbedMessage,!1),l.addEventListener("DOMContentLoaded",function(){for(var e,t,s=l.querySelectorAll("iframe.wp-embedded-content"),r=0;r<s.length;r++)(t=(e=s[r]).getAttribute("data-secret"))||(t=Math.random().toString(36).substring(2,12),e.src+="#?secret="+t,e.setAttribute("data-secret",t)),e.contentWindow.postMessage({message:"ready",secret:t},"*")},!1)))}(window,document);
//# sourceURL=https://www.tsp.at/wp-includes/js/wp-embed.min.js
</script>

&#8220;Die Zukunft der Freiheit&#8221; als Thema für 2017 fixiert 16.06.2016 Fresach (Kärnten) – Die zweite Auflage der Europäischen Toleranzgespräche vom 11. bis 14. Mai 2016 im Kärntner Bergdorf Fresach ist von Politik und Medien ebenso wie von den Vortragenden und Gästen überaus positiv aufgenommen worden. Dank zahlreicher Rundfunk-Beiträge, Zeitungsberichte und Online-Veröffentlichungen konnte die mediale Reichweite&hellip;
