{"version":"1.0","provider_name":"Temmel | Seywald - Corporate Communications","provider_url":"https:\/\/www.tsp.at\/en\/","title":"Starke Nachfrage nach Mallorca-Immobilien - Temmel | Seywald - Corporate Communications","type":"rich","width":600,"height":338,"html":"<blockquote class=\"wp-embedded-content\" data-secret=\"2jHflARRp0\"><a href=\"https:\/\/www.tsp.at\/en\/2017\/06\/09\/starke-nachfrage-nach-mallorca-immobilien\/\">Starke Nachfrage nach Mallorca-Immobilien<\/a><\/blockquote><iframe sandbox=\"allow-scripts\" security=\"restricted\" src=\"https:\/\/www.tsp.at\/en\/2017\/06\/09\/starke-nachfrage-nach-mallorca-immobilien\/embed\/#?secret=2jHflARRp0\" width=\"600\" height=\"338\" title=\"&#8220;Starke Nachfrage nach Mallorca-Immobilien&#8221; &#8212; Temmel | Seywald - Corporate Communications\" data-secret=\"2jHflARRp0\" frameborder=\"0\" marginwidth=\"0\" marginheight=\"0\" scrolling=\"no\" class=\"wp-embedded-content\"><\/iframe><script>\n\/*! This file is auto-generated *\/\n!function(d,l){\"use strict\";l.querySelector&&d.addEventListener&&\"undefined\"!=typeof URL&&(d.wp=d.wp||{},d.wp.receiveEmbedMessage||(d.wp.receiveEmbedMessage=function(e){var t=e.data;if((t||t.secret||t.message||t.value)&&!\/[^a-zA-Z0-9]\/.test(t.secret)){for(var s,r,n,a=l.querySelectorAll('iframe[data-secret=\"'+t.secret+'\"]'),o=l.querySelectorAll('blockquote[data-secret=\"'+t.secret+'\"]'),c=new RegExp(\"^https?:$\",\"i\"),i=0;i<o.length;i++)o[i].style.display=\"none\";for(i=0;i<a.length;i++)s=a[i],e.source===s.contentWindow&&(s.removeAttribute(\"style\"),\"height\"===t.message?(1e3<(r=parseInt(t.value,10))?r=1e3:~~r<200&&(r=200),s.height=r):\"link\"===t.message&&(r=new URL(s.getAttribute(\"src\")),n=new URL(t.value),c.test(n.protocol))&&n.host===r.host&&l.activeElement===s&&(d.top.location.href=t.value))}},d.addEventListener(\"message\",d.wp.receiveEmbedMessage,!1),l.addEventListener(\"DOMContentLoaded\",function(){for(var e,t,s=l.querySelectorAll(\"iframe.wp-embedded-content\"),r=0;r<s.length;r++)(t=(e=s[r]).getAttribute(\"data-secret\"))||(t=Math.random().toString(36).substring(2,12),e.src+=\"#?secret=\"+t,e.setAttribute(\"data-secret\",t)),e.contentWindow.postMessage({message:\"ready\",secret:t},\"*\")},!1)))}(window,document);\n\/\/# sourceURL=https:\/\/www.tsp.at\/wp-includes\/js\/wp-embed.min.js\n<\/script>\n","thumbnail_url":"https:\/\/www.tsp.at\/wp-content\/uploads\/2025\/10\/Stadler_01-1024x684.jpg","thumbnail_width":1024,"thumbnail_height":684,"description":"First Mallorca CEO Heidi Stadler prognostiziert weiteres Wachstum 09.06.2017 Port Adriano\/Palma de Mallorca \u2013 Die Immobilienfirma FIRST MALLORCA hat im Rahmen seines traditionellen Summer Openings vor rund 650 G\u00e4sten und \u00fcber 40 MitarbeiterInnen einen positiven Ausblick auf die weitere Gesch\u00e4ftsentwicklung prognostiziert. &#8220;Trotz Brexit und Eurokrise: Der Markt ist gesund und neue Objekte bringen neuen Schwung&#8221;,&hellip;"}

First Mallorca CEO Heidi Stadler prognostiziert weiteres Wachstum 09.06.2017 Port Adriano/Palma de Mallorca – Die Immobilienfirma FIRST MALLORCA hat im Rahmen seines traditionellen Summer Openings vor rund 650 Gästen und über 40 MitarbeiterInnen einen positiven Ausblick auf die weitere Geschäftsentwicklung prognostiziert. &#8220;Trotz Brexit und Eurokrise: Der Markt ist gesund und neue Objekte bringen neuen Schwung&#8221;,&hellip;
