{"version":"1.0","provider_name":"Temmel | Seywald - Corporate Communications","provider_url":"https:\/\/www.tsp.at\/en\/","title":"Aichelin Group beruft Dr. Eibler in den Vorstand - Temmel | Seywald - Corporate Communications","type":"rich","width":600,"height":338,"html":"<blockquote class=\"wp-embedded-content\" data-secret=\"moCkJUMhyt\"><a href=\"https:\/\/www.tsp.at\/en\/2017\/08\/24\/aichelin-group-beruft-dr-eibler-in-den-vorstand\/\">Aichelin Group beruft Dr. Eibler in den Vorstand<\/a><\/blockquote><iframe sandbox=\"allow-scripts\" security=\"restricted\" src=\"https:\/\/www.tsp.at\/en\/2017\/08\/24\/aichelin-group-beruft-dr-eibler-in-den-vorstand\/embed\/#?secret=moCkJUMhyt\" width=\"600\" height=\"338\" title=\"&#8220;Aichelin Group beruft Dr. Eibler in den Vorstand&#8221; &#8212; Temmel | Seywald - Corporate Communications\" data-secret=\"moCkJUMhyt\" frameborder=\"0\" marginwidth=\"0\" marginheight=\"0\" scrolling=\"no\" class=\"wp-embedded-content\"><\/iframe><script>\n\/*! This file is auto-generated *\/\n!function(d,l){\"use strict\";l.querySelector&&d.addEventListener&&\"undefined\"!=typeof URL&&(d.wp=d.wp||{},d.wp.receiveEmbedMessage||(d.wp.receiveEmbedMessage=function(e){var t=e.data;if((t||t.secret||t.message||t.value)&&!\/[^a-zA-Z0-9]\/.test(t.secret)){for(var s,r,n,a=l.querySelectorAll('iframe[data-secret=\"'+t.secret+'\"]'),o=l.querySelectorAll('blockquote[data-secret=\"'+t.secret+'\"]'),c=new RegExp(\"^https?:$\",\"i\"),i=0;i<o.length;i++)o[i].style.display=\"none\";for(i=0;i<a.length;i++)s=a[i],e.source===s.contentWindow&&(s.removeAttribute(\"style\"),\"height\"===t.message?(1e3<(r=parseInt(t.value,10))?r=1e3:~~r<200&&(r=200),s.height=r):\"link\"===t.message&&(r=new URL(s.getAttribute(\"src\")),n=new URL(t.value),c.test(n.protocol))&&n.host===r.host&&l.activeElement===s&&(d.top.location.href=t.value))}},d.addEventListener(\"message\",d.wp.receiveEmbedMessage,!1),l.addEventListener(\"DOMContentLoaded\",function(){for(var e,t,s=l.querySelectorAll(\"iframe.wp-embedded-content\"),r=0;r<s.length;r++)(t=(e=s[r]).getAttribute(\"data-secret\"))||(t=Math.random().toString(36).substring(2,12),e.src+=\"#?secret=\"+t,e.setAttribute(\"data-secret\",t)),e.contentWindow.postMessage({message:\"ready\",secret:t},\"*\")},!1)))}(window,document);\n\/\/# sourceURL=https:\/\/www.tsp.at\/wp-includes\/js\/wp-embed.min.js\n<\/script>\n","thumbnail_url":"https:\/\/www.tsp.at\/wp-content\/uploads\/2025\/10\/ShP_Eibler-scaled.jpg","thumbnail_width":2560,"thumbnail_height":1779,"description":"Verst\u00e4rkte F\u00fchrung unterst\u00fctzt weitere Expansion 24.08.2017 M\u00f6dling \u2013 Durch den erfolgreichen Gesch\u00e4ftsverlauf und das internationale Wachstum der AICHELIN Gruppe haben die F\u00fchrungsaufgaben kontinuierlich zugenommen. Aus diesem Grund haben sich der Eigent\u00fcmer, die Berndorf AG und die Gesch\u00e4ftsf\u00fchrung der AICHELIN Holding dazu entschlossen, die Stelle des CFO als zweite Gesch\u00e4ftsf\u00fchrerposition zu besetzen. &#8220;Wir freuen uns nach&hellip;"}

Verstärkte Führung unterstützt weitere Expansion 24.08.2017 Mödling – Durch den erfolgreichen Geschäftsverlauf und das internationale Wachstum der AICHELIN Gruppe haben die Führungsaufgaben kontinuierlich zugenommen. Aus diesem Grund haben sich der Eigentümer, die Berndorf AG und die Geschäftsführung der AICHELIN Holding dazu entschlossen, die Stelle des CFO als zweite Geschäftsführerposition zu besetzen. &#8220;Wir freuen uns nach&hellip;
