{"version":"1.0","provider_name":"Temmel | Seywald - Corporate Communications","provider_url":"https:\/\/www.tsp.at\/en\/","title":"Ruheparadies an der Costa de la Calma - Temmel | Seywald - Corporate Communications","type":"rich","width":600,"height":338,"html":"<blockquote class=\"wp-embedded-content\" data-secret=\"2IeeRZlJBH\"><a href=\"https:\/\/www.tsp.at\/en\/2017\/09\/01\/ruheparadies-an-der-costa-de-la-calma\/\">Ruheparadies an der Costa de la Calma<\/a><\/blockquote><iframe sandbox=\"allow-scripts\" security=\"restricted\" src=\"https:\/\/www.tsp.at\/en\/2017\/09\/01\/ruheparadies-an-der-costa-de-la-calma\/embed\/#?secret=2IeeRZlJBH\" width=\"600\" height=\"338\" title=\"&#8220;Ruheparadies an der Costa de la Calma&#8221; &#8212; Temmel | Seywald - Corporate Communications\" data-secret=\"2IeeRZlJBH\" frameborder=\"0\" marginwidth=\"0\" marginheight=\"0\" scrolling=\"no\" class=\"wp-embedded-content\"><\/iframe><script>\n\/*! This file is auto-generated *\/\n!function(d,l){\"use strict\";l.querySelector&&d.addEventListener&&\"undefined\"!=typeof URL&&(d.wp=d.wp||{},d.wp.receiveEmbedMessage||(d.wp.receiveEmbedMessage=function(e){var t=e.data;if((t||t.secret||t.message||t.value)&&!\/[^a-zA-Z0-9]\/.test(t.secret)){for(var s,r,n,a=l.querySelectorAll('iframe[data-secret=\"'+t.secret+'\"]'),o=l.querySelectorAll('blockquote[data-secret=\"'+t.secret+'\"]'),c=new RegExp(\"^https?:$\",\"i\"),i=0;i<o.length;i++)o[i].style.display=\"none\";for(i=0;i<a.length;i++)s=a[i],e.source===s.contentWindow&&(s.removeAttribute(\"style\"),\"height\"===t.message?(1e3<(r=parseInt(t.value,10))?r=1e3:~~r<200&&(r=200),s.height=r):\"link\"===t.message&&(r=new URL(s.getAttribute(\"src\")),n=new URL(t.value),c.test(n.protocol))&&n.host===r.host&&l.activeElement===s&&(d.top.location.href=t.value))}},d.addEventListener(\"message\",d.wp.receiveEmbedMessage,!1),l.addEventListener(\"DOMContentLoaded\",function(){for(var e,t,s=l.querySelectorAll(\"iframe.wp-embedded-content\"),r=0;r<s.length;r++)(t=(e=s[r]).getAttribute(\"data-secret\"))||(t=Math.random().toString(36).substring(2,12),e.src+=\"#?secret=\"+t,e.setAttribute(\"data-secret\",t)),e.contentWindow.postMessage({message:\"ready\",secret:t},\"*\")},!1)))}(window,document);\n\/\/# sourceURL=https:\/\/www.tsp.at\/wp-includes\/js\/wp-embed.min.js\n<\/script>\n","thumbnail_url":"https:\/\/www.tsp.at\/wp-content\/uploads\/2025\/10\/long01_54794_Costacalma-scaled.jpg","thumbnail_width":2560,"thumbnail_height":1709,"description":"FIRST MALLORCA offeriert Gr\u00fcn-Oase mit privatem Meerzugang 01.09.2017 Palma de Mallorce \u2013 Erholsam, beschaulich und gem\u00fctlich. Wer in seiner Freizeit Entspannung sucht und die Stille der Meereswellen genie\u00dfen m\u00f6chte, ist in Costa de la Calma gut aufgehoben. Wie schon der Name erahnen l\u00e4sst, verspricht die Ortschaft im S\u00fcdwesten der spanischen Mittelmeerinsel Mallorca viel Ruhe und&hellip;"}

FIRST MALLORCA offeriert Grün-Oase mit privatem Meerzugang 01.09.2017 Palma de Mallorce – Erholsam, beschaulich und gemütlich. Wer in seiner Freizeit Entspannung sucht und die Stille der Meereswellen genießen möchte, ist in Costa de la Calma gut aufgehoben. Wie schon der Name erahnen lässt, verspricht die Ortschaft im Südwesten der spanischen Mittelmeerinsel Mallorca viel Ruhe und&hellip;
