{"version":"1.0","provider_name":"Temmel | Seywald - Corporate Communications","provider_url":"https:\/\/www.tsp.at\/en\/","title":"Von Siena, London und Plovdiv nach Fresach - Temmel | Seywald - Corporate Communications","type":"rich","width":600,"height":338,"html":"<blockquote class=\"wp-embedded-content\" data-secret=\"XtFLqMz2dd\"><a href=\"https:\/\/www.tsp.at\/en\/2019\/01\/22\/von-siena-london-und-plovdiv-nach-fresach\/\">Von Siena, London und Plovdiv nach Fresach<\/a><\/blockquote><iframe sandbox=\"allow-scripts\" security=\"restricted\" src=\"https:\/\/www.tsp.at\/en\/2019\/01\/22\/von-siena-london-und-plovdiv-nach-fresach\/embed\/#?secret=XtFLqMz2dd\" width=\"600\" height=\"338\" title=\"&#8220;Von Siena, London und Plovdiv nach Fresach&#8221; &#8212; Temmel | Seywald - Corporate Communications\" data-secret=\"XtFLqMz2dd\" frameborder=\"0\" marginwidth=\"0\" marginheight=\"0\" scrolling=\"no\" class=\"wp-embedded-content\"><\/iframe><script>\n\/*! This file is auto-generated *\/\n!function(d,l){\"use strict\";l.querySelector&&d.addEventListener&&\"undefined\"!=typeof URL&&(d.wp=d.wp||{},d.wp.receiveEmbedMessage||(d.wp.receiveEmbedMessage=function(e){var t=e.data;if((t||t.secret||t.message||t.value)&&!\/[^a-zA-Z0-9]\/.test(t.secret)){for(var s,r,n,a=l.querySelectorAll('iframe[data-secret=\"'+t.secret+'\"]'),o=l.querySelectorAll('blockquote[data-secret=\"'+t.secret+'\"]'),c=new RegExp(\"^https?:$\",\"i\"),i=0;i<o.length;i++)o[i].style.display=\"none\";for(i=0;i<a.length;i++)s=a[i],e.source===s.contentWindow&&(s.removeAttribute(\"style\"),\"height\"===t.message?(1e3<(r=parseInt(t.value,10))?r=1e3:~~r<200&&(r=200),s.height=r):\"link\"===t.message&&(r=new URL(s.getAttribute(\"src\")),n=new URL(t.value),c.test(n.protocol))&&n.host===r.host&&l.activeElement===s&&(d.top.location.href=t.value))}},d.addEventListener(\"message\",d.wp.receiveEmbedMessage,!1),l.addEventListener(\"DOMContentLoaded\",function(){for(var e,t,s=l.querySelectorAll(\"iframe.wp-embedded-content\"),r=0;r<s.length;r++)(t=(e=s[r]).getAttribute(\"data-secret\"))||(t=Math.random().toString(36).substring(2,12),e.src+=\"#?secret=\"+t,e.setAttribute(\"data-secret\",t)),e.contentWindow.postMessage({message:\"ready\",secret:t},\"*\")},!1)))}(window,document);\n\/\/# sourceURL=https:\/\/www.tsp.at\/wp-includes\/js\/wp-embed.min.js\n<\/script>\n","thumbnail_url":"https:\/\/www.tsp.at\/wp-content\/uploads\/2025\/10\/2I8B9842-scaled.jpg","thumbnail_width":2560,"thumbnail_height":1707,"description":"Programm der Europ\u00e4ischen Toleranzgespr\u00e4che 2019 in Klagenfurt vorgestellt 22.01.2019 Klagenfurt \u2013 In der Klagenfurt Riedergarten-Villa hat das Organisationsteam des Denk.Raum.Fresach gemeinsam mit seinen Kooperationspartnern am Dienstag 22. J\u00e4nner das Programm der Europ\u00e4ischen Toleranzgespr\u00e4che 2019 vorgestellt. Mit am Podium waren der Villacher Stadtrat Harald Sobe, Kuratoriumspr\u00e4sident Hannes Swoboda, Psychotherapeutin Margarethe Prinz-B\u00fcchl, Superintendent Manfred Sauer und PEN-Vizepr\u00e4sident&hellip;"}

Programm der Europäischen Toleranzgespräche 2019 in Klagenfurt vorgestellt 22.01.2019 Klagenfurt – In der Klagenfurt Riedergarten-Villa hat das Organisationsteam des Denk.Raum.Fresach gemeinsam mit seinen Kooperationspartnern am Dienstag 22. Jänner das Programm der Europäischen Toleranzgespräche 2019 vorgestellt. Mit am Podium waren der Villacher Stadtrat Harald Sobe, Kuratoriumspräsident Hannes Swoboda, Psychotherapeutin Margarethe Prinz-Büchl, Superintendent Manfred Sauer und PEN-Vizepräsident&hellip;
