{"version":"1.0","provider_name":"Temmel | Seywald - Corporate Communications","provider_url":"https:\/\/www.tsp.at\/en\/","title":"Maurizio Bettini: Wandel Europas unvermeidlich - Temmel | Seywald - Corporate Communications","type":"rich","width":600,"height":338,"html":"<blockquote class=\"wp-embedded-content\" data-secret=\"0y2DDBgc2H\"><a href=\"https:\/\/www.tsp.at\/en\/2019\/04\/05\/maurizio-bettini-wandel-europas-unvermeidlich\/\">Maurizio Bettini: Wandel Europas unvermeidlich<\/a><\/blockquote><iframe sandbox=\"allow-scripts\" security=\"restricted\" src=\"https:\/\/www.tsp.at\/en\/2019\/04\/05\/maurizio-bettini-wandel-europas-unvermeidlich\/embed\/#?secret=0y2DDBgc2H\" width=\"600\" height=\"338\" title=\"&#8220;Maurizio Bettini: Wandel Europas unvermeidlich&#8221; &#8212; Temmel | Seywald - Corporate Communications\" data-secret=\"0y2DDBgc2H\" frameborder=\"0\" marginwidth=\"0\" marginheight=\"0\" scrolling=\"no\" class=\"wp-embedded-content\"><\/iframe><script>\n\/*! This file is auto-generated *\/\n!function(d,l){\"use strict\";l.querySelector&&d.addEventListener&&\"undefined\"!=typeof URL&&(d.wp=d.wp||{},d.wp.receiveEmbedMessage||(d.wp.receiveEmbedMessage=function(e){var t=e.data;if((t||t.secret||t.message||t.value)&&!\/[^a-zA-Z0-9]\/.test(t.secret)){for(var s,r,n,a=l.querySelectorAll('iframe[data-secret=\"'+t.secret+'\"]'),o=l.querySelectorAll('blockquote[data-secret=\"'+t.secret+'\"]'),c=new RegExp(\"^https?:$\",\"i\"),i=0;i<o.length;i++)o[i].style.display=\"none\";for(i=0;i<a.length;i++)s=a[i],e.source===s.contentWindow&&(s.removeAttribute(\"style\"),\"height\"===t.message?(1e3<(r=parseInt(t.value,10))?r=1e3:~~r<200&&(r=200),s.height=r):\"link\"===t.message&&(r=new URL(s.getAttribute(\"src\")),n=new URL(t.value),c.test(n.protocol))&&n.host===r.host&&l.activeElement===s&&(d.top.location.href=t.value))}},d.addEventListener(\"message\",d.wp.receiveEmbedMessage,!1),l.addEventListener(\"DOMContentLoaded\",function(){for(var e,t,s=l.querySelectorAll(\"iframe.wp-embedded-content\"),r=0;r<s.length;r++)(t=(e=s[r]).getAttribute(\"data-secret\"))||(t=Math.random().toString(36).substring(2,12),e.src+=\"#?secret=\"+t,e.setAttribute(\"data-secret\",t)),e.contentWindow.postMessage({message:\"ready\",secret:t},\"*\")},!1)))}(window,document);\n\/\/# sourceURL=https:\/\/www.tsp.at\/wp-includes\/js\/wp-embed.min.js\n<\/script>\n","thumbnail_url":"https:\/\/www.tsp.at\/wp-content\/uploads\/2025\/10\/Bettini-scaled.jpg","thumbnail_width":2560,"thumbnail_height":1894,"description":"Nationalismus keine Antwort &#8211; Migration nicht einziges Problem 05.04.2019 Siena\/Wien \u2013 Europas V\u00f6lker m\u00fcssen Ver\u00e4nderung als nat\u00fcrlichen Prozess verstehen und d\u00fcrfen sich nicht aus Angst davor in Nationalismus und Isolation fl\u00fcchten. Der Wandel ist unvermeidlich und Migration nur eine von vielen offenen Fragen, sagt Maurizio Bettini, Professor f\u00fcr klassische Philologie an der Universit\u00e4t Siena http:\/\/bit.ly\/2YITMbv,&hellip;"}

Nationalismus keine Antwort &#8211; Migration nicht einziges Problem 05.04.2019 Siena/Wien – Europas Völker müssen Veränderung als natürlichen Prozess verstehen und dürfen sich nicht aus Angst davor in Nationalismus und Isolation flüchten. Der Wandel ist unvermeidlich und Migration nur eine von vielen offenen Fragen, sagt Maurizio Bettini, Professor für klassische Philologie an der Universität Siena http://bit.ly/2YITMbv,&hellip;
