{"version":"1.0","provider_name":"Temmel | Seywald - Corporate Communications","provider_url":"https:\/\/www.tsp.at\/en\/","title":"Tourismusforum Villach diskutiert Wert der Heimat - Temmel | Seywald - Corporate Communications","type":"rich","width":600,"height":338,"html":"<blockquote class=\"wp-embedded-content\" data-secret=\"4Pjxp8GZCN\"><a href=\"https:\/\/www.tsp.at\/en\/2019\/05\/16\/tourismusforum-villach-diskutiert-wert-der-heimat\/\">Tourismusforum Villach diskutiert Wert der Heimat<\/a><\/blockquote><iframe sandbox=\"allow-scripts\" security=\"restricted\" src=\"https:\/\/www.tsp.at\/en\/2019\/05\/16\/tourismusforum-villach-diskutiert-wert-der-heimat\/embed\/#?secret=4Pjxp8GZCN\" width=\"600\" height=\"338\" title=\"&#8220;Tourismusforum Villach diskutiert Wert der Heimat&#8221; &#8212; Temmel | Seywald - Corporate Communications\" data-secret=\"4Pjxp8GZCN\" frameborder=\"0\" marginwidth=\"0\" marginheight=\"0\" scrolling=\"no\" class=\"wp-embedded-content\"><\/iframe><script>\n\/*! This file is auto-generated *\/\n!function(d,l){\"use strict\";l.querySelector&&d.addEventListener&&\"undefined\"!=typeof URL&&(d.wp=d.wp||{},d.wp.receiveEmbedMessage||(d.wp.receiveEmbedMessage=function(e){var t=e.data;if((t||t.secret||t.message||t.value)&&!\/[^a-zA-Z0-9]\/.test(t.secret)){for(var s,r,n,a=l.querySelectorAll('iframe[data-secret=\"'+t.secret+'\"]'),o=l.querySelectorAll('blockquote[data-secret=\"'+t.secret+'\"]'),c=new RegExp(\"^https?:$\",\"i\"),i=0;i<o.length;i++)o[i].style.display=\"none\";for(i=0;i<a.length;i++)s=a[i],e.source===s.contentWindow&&(s.removeAttribute(\"style\"),\"height\"===t.message?(1e3<(r=parseInt(t.value,10))?r=1e3:~~r<200&&(r=200),s.height=r):\"link\"===t.message&&(r=new URL(s.getAttribute(\"src\")),n=new URL(t.value),c.test(n.protocol))&&n.host===r.host&&l.activeElement===s&&(d.top.location.href=t.value))}},d.addEventListener(\"message\",d.wp.receiveEmbedMessage,!1),l.addEventListener(\"DOMContentLoaded\",function(){for(var e,t,s=l.querySelectorAll(\"iframe.wp-embedded-content\"),r=0;r<s.length;r++)(t=(e=s[r]).getAttribute(\"data-secret\"))||(t=Math.random().toString(36).substring(2,12),e.src+=\"#?secret=\"+t,e.setAttribute(\"data-secret\",t)),e.contentWindow.postMessage({message:\"ready\",secret:t},\"*\")},!1)))}(window,document);\n\/\/# sourceURL=https:\/\/www.tsp.at\/wp-includes\/js\/wp-embed.min.js\n<\/script>\n","thumbnail_url":"https:\/\/www.tsp.at\/wp-content\/uploads\/2025\/10\/Scharfenort_Brille.jpg","thumbnail_width":1186,"thumbnail_height":791,"description":"Auftakt der Europ\u00e4ischen Toleranzgespr\u00e4che am 5. Juni im Holiday Inn 16.05.2019 Villach \u2013 \u00d6sterreich profitiert touristisch von Bergen und Seen und einer Kultur der Gastfreundschaft, die \u00fcber Jahrzehnte gut gepflegt und weiterentwickelt wurde. Doch immer mehr Betroffene sorgen sich \u00fcber Ausverkauf und \u00dcberfremdung im eigenen Land. Wie Land und Leute f\u00fcr neue Konzepte gewonnen und&hellip;"}

Auftakt der Europäischen Toleranzgespräche am 5. Juni im Holiday Inn 16.05.2019 Villach – Österreich profitiert touristisch von Bergen und Seen und einer Kultur der Gastfreundschaft, die über Jahrzehnte gut gepflegt und weiterentwickelt wurde. Doch immer mehr Betroffene sorgen sich über Ausverkauf und Überfremdung im eigenen Land. Wie Land und Leute für neue Konzepte gewonnen und&hellip;
