{"version":"1.0","provider_name":"Temmel | Seywald - Corporate Communications","provider_url":"https:\/\/www.tsp.at\/en\/","title":"Viktor Kaplan Jubil\u00e4um am 7. November in Wien - Temmel | Seywald - Corporate Communications","type":"rich","width":600,"height":338,"html":"<blockquote class=\"wp-embedded-content\" data-secret=\"WOsa0AB0yF\"><a href=\"https:\/\/www.tsp.at\/en\/2019\/09\/19\/viktor-kaplan-jubilaeum-am-7-november-in-wien\/\">Viktor Kaplan Jubil\u00e4um am 7. November in Wien<\/a><\/blockquote><iframe sandbox=\"allow-scripts\" security=\"restricted\" src=\"https:\/\/www.tsp.at\/en\/2019\/09\/19\/viktor-kaplan-jubilaeum-am-7-november-in-wien\/embed\/#?secret=WOsa0AB0yF\" width=\"600\" height=\"338\" title=\"&#8220;Viktor Kaplan Jubil\u00e4um am 7. November in Wien&#8221; &#8212; Temmel | Seywald - Corporate Communications\" data-secret=\"WOsa0AB0yF\" frameborder=\"0\" marginwidth=\"0\" marginheight=\"0\" scrolling=\"no\" class=\"wp-embedded-content\"><\/iframe><script>\n\/*! This file is auto-generated *\/\n!function(d,l){\"use strict\";l.querySelector&&d.addEventListener&&\"undefined\"!=typeof URL&&(d.wp=d.wp||{},d.wp.receiveEmbedMessage||(d.wp.receiveEmbedMessage=function(e){var t=e.data;if((t||t.secret||t.message||t.value)&&!\/[^a-zA-Z0-9]\/.test(t.secret)){for(var s,r,n,a=l.querySelectorAll('iframe[data-secret=\"'+t.secret+'\"]'),o=l.querySelectorAll('blockquote[data-secret=\"'+t.secret+'\"]'),c=new RegExp(\"^https?:$\",\"i\"),i=0;i<o.length;i++)o[i].style.display=\"none\";for(i=0;i<a.length;i++)s=a[i],e.source===s.contentWindow&&(s.removeAttribute(\"style\"),\"height\"===t.message?(1e3<(r=parseInt(t.value,10))?r=1e3:~~r<200&&(r=200),s.height=r):\"link\"===t.message&&(r=new URL(s.getAttribute(\"src\")),n=new URL(t.value),c.test(n.protocol))&&n.host===r.host&&l.activeElement===s&&(d.top.location.href=t.value))}},d.addEventListener(\"message\",d.wp.receiveEmbedMessage,!1),l.addEventListener(\"DOMContentLoaded\",function(){for(var e,t,s=l.querySelectorAll(\"iframe.wp-embedded-content\"),r=0;r<s.length;r++)(t=(e=s[r]).getAttribute(\"data-secret\"))||(t=Math.random().toString(36).substring(2,12),e.src+=\"#?secret=\"+t,e.setAttribute(\"data-secret\",t)),e.contentWindow.postMessage({message:\"ready\",secret:t},\"*\")},!1)))}(window,document);\n\/\/# sourceURL=https:\/\/www.tsp.at\/wp-includes\/js\/wp-embed.min.js\n<\/script>\n","thumbnail_url":"https:\/\/www.tsp.at\/wp-content\/uploads\/2025\/10\/Viktor_Kaplan-1024x737.jpg","thumbnail_width":1024,"thumbnail_height":737,"description":"Einladung zum Symposium &#8220;Schl\u00fcsselfaktoren f\u00fcr bahnbrechende Innovationen heute&#8221; 19.09.2019 Wien \u2013 Unter dem Motto &#8220;Technik, Turbo &amp; Turbinen &#8211; Schl\u00fcsselfaktoren f\u00fcr bahnbrechende Innovationen heute&#8221; l\u00e4dt die Viktor Kaplan Gesellschaft am 7. November 2019 zu einem Symposium ins Palais Hansen Kempinski in Wien. Anl\u00e4sslich des 100. Jahrestags der weltweit ersten Kaplan-Turbine diskutieren Top-Experten \u00fcber die Frage,&hellip;"}

Viktor Kaplan Jubiläum am 7. November in Wien - Temmel | Seywald - Corporate Communications

<blockquote class="wp-embedded-content" data-secret="WOsa0AB0yF"><a href="https://www.tsp.at/en/2019/09/19/viktor-kaplan-jubilaeum-am-7-november-in-wien/">Viktor Kaplan Jubiläum am 7. November in Wien</a></blockquote><iframe sandbox="allow-scripts" security="restricted" src="https://www.tsp.at/en/2019/09/19/viktor-kaplan-jubilaeum-am-7-november-in-wien/embed/#?secret=WOsa0AB0yF" width="600" height="338" title="&#8220;Viktor Kaplan Jubiläum am 7. November in Wien&#8221; &#8212; Temmel | Seywald - Corporate Communications" data-secret="WOsa0AB0yF" frameborder="0" marginwidth="0" marginheight="0" scrolling="no" class="wp-embedded-content"></iframe><script>
/*! This file is auto-generated */
!function(d,l){"use strict";l.querySelector&&d.addEventListener&&"undefined"!=typeof URL&&(d.wp=d.wp||{},d.wp.receiveEmbedMessage||(d.wp.receiveEmbedMessage=function(e){var t=e.data;if((t||t.secret||t.message||t.value)&&!/[^a-zA-Z0-9]/.test(t.secret)){for(var s,r,n,a=l.querySelectorAll('iframe[data-secret="'+t.secret+'"]'),o=l.querySelectorAll('blockquote[data-secret="'+t.secret+'"]'),c=new RegExp("^https?:$","i"),i=0;i<o.length;i++)o[i].style.display="none";for(i=0;i<a.length;i++)s=a[i],e.source===s.contentWindow&&(s.removeAttribute("style"),"height"===t.message?(1e3<(r=parseInt(t.value,10))?r=1e3:~~r<200&&(r=200),s.height=r):"link"===t.message&&(r=new URL(s.getAttribute("src")),n=new URL(t.value),c.test(n.protocol))&&n.host===r.host&&l.activeElement===s&&(d.top.location.href=t.value))}},d.addEventListener("message",d.wp.receiveEmbedMessage,!1),l.addEventListener("DOMContentLoaded",function(){for(var e,t,s=l.querySelectorAll("iframe.wp-embedded-content"),r=0;r<s.length;r++)(t=(e=s[r]).getAttribute("data-secret"))||(t=Math.random().toString(36).substring(2,12),e.src+="#?secret="+t,e.setAttribute("data-secret",t)),e.contentWindow.postMessage({message:"ready",secret:t},"*")},!1)))}(window,document);
//# sourceURL=https://www.tsp.at/wp-includes/js/wp-embed.min.js
</script>

Einladung zum Symposium &#8220;Schlüsselfaktoren für bahnbrechende Innovationen heute&#8221; 19.09.2019 Wien – Unter dem Motto &#8220;Technik, Turbo &amp; Turbinen &#8211; Schlüsselfaktoren für bahnbrechende Innovationen heute&#8221; lädt die Viktor Kaplan Gesellschaft am 7. November 2019 zu einem Symposium ins Palais Hansen Kempinski in Wien. Anlässlich des 100. Jahrestags der weltweit ersten Kaplan-Turbine diskutieren Top-Experten über die Frage,&hellip;
