{"version":"1.0","provider_name":"Temmel | Seywald - Corporate Communications","provider_url":"https:\/\/www.tsp.at\/en\/","title":"Globalisierungsphilosoph sieht Zukunft im globalen Dorf - Temmel | Seywald - Corporate Communications","type":"rich","width":600,"height":338,"html":"<blockquote class=\"wp-embedded-content\" data-secret=\"0M1M0N7J0M\"><a href=\"https:\/\/www.tsp.at\/en\/2021\/04\/19\/globalisierungsphilosoph-sieht-zukunft-im-globalen-dorf\/\">Globalisierungsphilosoph sieht Zukunft im globalen Dorf<\/a><\/blockquote><iframe sandbox=\"allow-scripts\" security=\"restricted\" src=\"https:\/\/www.tsp.at\/en\/2021\/04\/19\/globalisierungsphilosoph-sieht-zukunft-im-globalen-dorf\/embed\/#?secret=0M1M0N7J0M\" width=\"600\" height=\"338\" title=\"&#8220;Globalisierungsphilosoph sieht Zukunft im globalen Dorf&#8221; &#8212; Temmel | Seywald - Corporate Communications\" data-secret=\"0M1M0N7J0M\" frameborder=\"0\" marginwidth=\"0\" marginheight=\"0\" scrolling=\"no\" class=\"wp-embedded-content\"><\/iframe><script>\n\/*! This file is auto-generated *\/\n!function(d,l){\"use strict\";l.querySelector&&d.addEventListener&&\"undefined\"!=typeof URL&&(d.wp=d.wp||{},d.wp.receiveEmbedMessage||(d.wp.receiveEmbedMessage=function(e){var t=e.data;if((t||t.secret||t.message||t.value)&&!\/[^a-zA-Z0-9]\/.test(t.secret)){for(var s,r,n,a=l.querySelectorAll('iframe[data-secret=\"'+t.secret+'\"]'),o=l.querySelectorAll('blockquote[data-secret=\"'+t.secret+'\"]'),c=new RegExp(\"^https?:$\",\"i\"),i=0;i<o.length;i++)o[i].style.display=\"none\";for(i=0;i<a.length;i++)s=a[i],e.source===s.contentWindow&&(s.removeAttribute(\"style\"),\"height\"===t.message?(1e3<(r=parseInt(t.value,10))?r=1e3:~~r<200&&(r=200),s.height=r):\"link\"===t.message&&(r=new URL(s.getAttribute(\"src\")),n=new URL(t.value),c.test(n.protocol))&&n.host===r.host&&l.activeElement===s&&(d.top.location.href=t.value))}},d.addEventListener(\"message\",d.wp.receiveEmbedMessage,!1),l.addEventListener(\"DOMContentLoaded\",function(){for(var e,t,s=l.querySelectorAll(\"iframe.wp-embedded-content\"),r=0;r<s.length;r++)(t=(e=s[r]).getAttribute(\"data-secret\"))||(t=Math.random().toString(36).substring(2,12),e.src+=\"#?secret=\"+t,e.setAttribute(\"data-secret\",t)),e.contentWindow.postMessage({message:\"ready\",secret:t},\"*\")},!1)))}(window,document);\n\/\/# sourceURL=https:\/\/www.tsp.at\/wp-includes\/js\/wp-embed.min.js\n<\/script>\n","thumbnail_url":"https:\/\/www.tsp.at\/wp-content\/uploads\/2025\/10\/20210326_Franz_Nahrada_007_-_Foto__c__Ju__rgen_Makowecz-scaled.jpg","thumbnail_width":2560,"thumbnail_height":1703,"description":"Franz Nahrada \u00fcber die Chance f\u00fcr den l\u00e4ndlichen Raum nach Corona 19.04.2021 Wien\/Radkersburg \u2013 Der \u00f6sterreichische Globalisierungsphilosoph und Digitalaktivist Franz Nahrada prophezeit eine Renaissance f\u00fcr den l\u00e4ndlichen Raum. Wenn selbst gro\u00dfe Prediger des Urbanen wie der niederl\u00e4ndische Architekt Rem Koolhaas davon sprechen, dass sich die interessanten Dinge jenseits der Grenzen von Metropolen abspielen, dann sollte&hellip;"}

Franz Nahrada über die Chance für den ländlichen Raum nach Corona 19.04.2021 Wien/Radkersburg – Der österreichische Globalisierungsphilosoph und Digitalaktivist Franz Nahrada prophezeit eine Renaissance für den ländlichen Raum. Wenn selbst große Prediger des Urbanen wie der niederländische Architekt Rem Koolhaas davon sprechen, dass sich die interessanten Dinge jenseits der Grenzen von Metropolen abspielen, dann sollte&hellip;
