{"version":"1.0","provider_name":"Temmel | Seywald - Corporate Communications","provider_url":"https:\/\/www.tsp.at\/en\/","title":"Europaforum Fresach 2. Juni hilft zum Verstehen - Temmel | Seywald - Corporate Communications","type":"rich","width":600,"height":338,"html":"<blockquote class=\"wp-embedded-content\" data-secret=\"Z9uT6dgreV\"><a href=\"https:\/\/www.tsp.at\/en\/2022\/05\/06\/europaforum-fresach-2-juni-hilft-zum-verstehen\/\">Europaforum Fresach 2. Juni hilft zum Verstehen<\/a><\/blockquote><iframe sandbox=\"allow-scripts\" security=\"restricted\" src=\"https:\/\/www.tsp.at\/en\/2022\/05\/06\/europaforum-fresach-2-juni-hilft-zum-verstehen\/embed\/#?secret=Z9uT6dgreV\" width=\"600\" height=\"338\" title=\"&#8220;Europaforum Fresach 2. Juni hilft zum Verstehen&#8221; &#8212; Temmel | Seywald - Corporate Communications\" data-secret=\"Z9uT6dgreV\" frameborder=\"0\" marginwidth=\"0\" marginheight=\"0\" scrolling=\"no\" class=\"wp-embedded-content\"><\/iframe><script>\n\/*! This file is auto-generated *\/\n!function(d,l){\"use strict\";l.querySelector&&d.addEventListener&&\"undefined\"!=typeof URL&&(d.wp=d.wp||{},d.wp.receiveEmbedMessage||(d.wp.receiveEmbedMessage=function(e){var t=e.data;if((t||t.secret||t.message||t.value)&&!\/[^a-zA-Z0-9]\/.test(t.secret)){for(var s,r,n,a=l.querySelectorAll('iframe[data-secret=\"'+t.secret+'\"]'),o=l.querySelectorAll('blockquote[data-secret=\"'+t.secret+'\"]'),c=new RegExp(\"^https?:$\",\"i\"),i=0;i<o.length;i++)o[i].style.display=\"none\";for(i=0;i<a.length;i++)s=a[i],e.source===s.contentWindow&&(s.removeAttribute(\"style\"),\"height\"===t.message?(1e3<(r=parseInt(t.value,10))?r=1e3:~~r<200&&(r=200),s.height=r):\"link\"===t.message&&(r=new URL(s.getAttribute(\"src\")),n=new URL(t.value),c.test(n.protocol))&&n.host===r.host&&l.activeElement===s&&(d.top.location.href=t.value))}},d.addEventListener(\"message\",d.wp.receiveEmbedMessage,!1),l.addEventListener(\"DOMContentLoaded\",function(){for(var e,t,s=l.querySelectorAll(\"iframe.wp-embedded-content\"),r=0;r<s.length;r++)(t=(e=s[r]).getAttribute(\"data-secret\"))||(t=Math.random().toString(36).substring(2,12),e.src+=\"#?secret=\"+t,e.setAttribute(\"data-secret\",t)),e.contentWindow.postMessage({message:\"ready\",secret:t},\"*\")},!1)))}(window,document);\n\/\/# sourceURL=https:\/\/www.tsp.at\/wp-includes\/js\/wp-embed.min.js\n<\/script>\n","thumbnail_url":"https:\/\/www.tsp.at\/wp-content\/uploads\/2025\/10\/5._Menasse_1280x720_Europaforum.jpg","thumbnail_width":1280,"thumbnail_height":720,"description":"Toleranzgespr\u00e4che liefern Analysen und Schlussfolgerungen f\u00fcr Politik und Gesellschaft 06.05.2022 Fresach \u2013 Der Er\u00f6ffnungstag der Europ\u00e4ischen Toleranzgespr\u00e4che am 2. Juni im K\u00e4rntner Bergdort Fresach (bei Villach) steht ganz im Bann der geopolitischen Ver\u00e4nderungen durch den russischen Angriffskrieg in der Ukraine. Unter dem Motto &#8220;WANDEL &#8211; Wie kommt das Neue ins System?&#8221; diskutieren berufene Expert\/innen live&hellip;"}

Toleranzgespräche liefern Analysen und Schlussfolgerungen für Politik und Gesellschaft 06.05.2022 Fresach – Der Eröffnungstag der Europäischen Toleranzgespräche am 2. Juni im Kärntner Bergdort Fresach (bei Villach) steht ganz im Bann der geopolitischen Veränderungen durch den russischen Angriffskrieg in der Ukraine. Unter dem Motto &#8220;WANDEL &#8211; Wie kommt das Neue ins System?&#8221; diskutieren berufene Expert/innen live&hellip;
