{"version":"1.0","provider_name":"Temmel | Seywald - Corporate Communications","provider_url":"https:\/\/www.tsp.at\/en\/","title":"Psychoanalyse: Faschismus Teil jeder Demokratie - Temmel | Seywald - Corporate Communications","type":"rich","width":600,"height":338,"html":"<blockquote class=\"wp-embedded-content\" data-secret=\"hVN0jt2hUl\"><a href=\"https:\/\/www.tsp.at\/en\/2023\/05\/15\/psychoanalyse-faschismus-teil-jeder-demokratie\/\">Psychoanalyse: Faschismus Teil jeder Demokratie<\/a><\/blockquote><iframe sandbox=\"allow-scripts\" security=\"restricted\" src=\"https:\/\/www.tsp.at\/en\/2023\/05\/15\/psychoanalyse-faschismus-teil-jeder-demokratie\/embed\/#?secret=hVN0jt2hUl\" width=\"600\" height=\"338\" title=\"&#8220;Psychoanalyse: Faschismus Teil jeder Demokratie&#8221; &#8212; Temmel | Seywald - Corporate Communications\" data-secret=\"hVN0jt2hUl\" frameborder=\"0\" marginwidth=\"0\" marginheight=\"0\" scrolling=\"no\" class=\"wp-embedded-content\"><\/iframe><script>\n\/*! This file is auto-generated *\/\n!function(d,l){\"use strict\";l.querySelector&&d.addEventListener&&\"undefined\"!=typeof URL&&(d.wp=d.wp||{},d.wp.receiveEmbedMessage||(d.wp.receiveEmbedMessage=function(e){var t=e.data;if((t||t.secret||t.message||t.value)&&!\/[^a-zA-Z0-9]\/.test(t.secret)){for(var s,r,n,a=l.querySelectorAll('iframe[data-secret=\"'+t.secret+'\"]'),o=l.querySelectorAll('blockquote[data-secret=\"'+t.secret+'\"]'),c=new RegExp(\"^https?:$\",\"i\"),i=0;i<o.length;i++)o[i].style.display=\"none\";for(i=0;i<a.length;i++)s=a[i],e.source===s.contentWindow&&(s.removeAttribute(\"style\"),\"height\"===t.message?(1e3<(r=parseInt(t.value,10))?r=1e3:~~r<200&&(r=200),s.height=r):\"link\"===t.message&&(r=new URL(s.getAttribute(\"src\")),n=new URL(t.value),c.test(n.protocol))&&n.host===r.host&&l.activeElement===s&&(d.top.location.href=t.value))}},d.addEventListener(\"message\",d.wp.receiveEmbedMessage,!1),l.addEventListener(\"DOMContentLoaded\",function(){for(var e,t,s=l.querySelectorAll(\"iframe.wp-embedded-content\"),r=0;r<s.length;r++)(t=(e=s[r]).getAttribute(\"data-secret\"))||(t=Math.random().toString(36).substring(2,12),e.src+=\"#?secret=\"+t,e.setAttribute(\"data-secret\",t)),e.contentWindow.postMessage({message:\"ready\",secret:t},\"*\")},!1)))}(window,document);\n\/\/# sourceURL=https:\/\/www.tsp.at\/wp-includes\/js\/wp-embed.min.js\n<\/script>\n","thumbnail_url":"https:\/\/www.tsp.at\/wp-content\/uploads\/2025\/10\/P1048230-scaled.jpg","thumbnail_width":2560,"thumbnail_height":1707,"description":"Era Loewenstein: Es beginnt mit der Ausl\u00f6schung von Erinnerung, Wahrheit und Geschichte 15.05.2023 Wien \u2013 Die israelisch-amerikanische Psychoanalytikerin Era Loewenstein hat bei einem Vortrag in Wien vor dem aufkeimenden Rechtsextremismus in Europa und den USA gewarnt, aber zugleich hinzugef\u00fcgt, dass man diesen Tendenzen nicht entkommen kann. Die h\u00e4ssliche Fratze des Faschismus sei ein st\u00e4ndiges Nebenprodukt&hellip;"}

Era Loewenstein: Es beginnt mit der Auslöschung von Erinnerung, Wahrheit und Geschichte 15.05.2023 Wien – Die israelisch-amerikanische Psychoanalytikerin Era Loewenstein hat bei einem Vortrag in Wien vor dem aufkeimenden Rechtsextremismus in Europa und den USA gewarnt, aber zugleich hinzugefügt, dass man diesen Tendenzen nicht entkommen kann. Die hässliche Fratze des Faschismus sei ein ständiges Nebenprodukt&hellip;
