{"version":"1.0","provider_name":"Temmel | Seywald - Corporate Communications","provider_url":"https:\/\/www.tsp.at\/en\/","title":"Toleranzgespr\u00e4che Vorstellung am 22. Februar in Villach - Temmel | Seywald - Corporate Communications","type":"rich","width":600,"height":338,"html":"<blockquote class=\"wp-embedded-content\" data-secret=\"xG5ghUl04c\"><a href=\"https:\/\/www.tsp.at\/en\/2024\/02\/14\/toleranzgespraeche-vorstellung-am-22-februar-in-villach\/\">Toleranzgespr\u00e4che Vorstellung am 22. Februar in Villach<\/a><\/blockquote><iframe sandbox=\"allow-scripts\" security=\"restricted\" src=\"https:\/\/www.tsp.at\/en\/2024\/02\/14\/toleranzgespraeche-vorstellung-am-22-februar-in-villach\/embed\/#?secret=xG5ghUl04c\" width=\"600\" height=\"338\" title=\"&#8220;Toleranzgespr\u00e4che Vorstellung am 22. Februar in Villach&#8221; &#8212; Temmel | Seywald - Corporate Communications\" data-secret=\"xG5ghUl04c\" frameborder=\"0\" marginwidth=\"0\" marginheight=\"0\" scrolling=\"no\" class=\"wp-embedded-content\"><\/iframe><script>\n\/*! This file is auto-generated *\/\n!function(d,l){\"use strict\";l.querySelector&&d.addEventListener&&\"undefined\"!=typeof URL&&(d.wp=d.wp||{},d.wp.receiveEmbedMessage||(d.wp.receiveEmbedMessage=function(e){var t=e.data;if((t||t.secret||t.message||t.value)&&!\/[^a-zA-Z0-9]\/.test(t.secret)){for(var s,r,n,a=l.querySelectorAll('iframe[data-secret=\"'+t.secret+'\"]'),o=l.querySelectorAll('blockquote[data-secret=\"'+t.secret+'\"]'),c=new RegExp(\"^https?:$\",\"i\"),i=0;i<o.length;i++)o[i].style.display=\"none\";for(i=0;i<a.length;i++)s=a[i],e.source===s.contentWindow&&(s.removeAttribute(\"style\"),\"height\"===t.message?(1e3<(r=parseInt(t.value,10))?r=1e3:~~r<200&&(r=200),s.height=r):\"link\"===t.message&&(r=new URL(s.getAttribute(\"src\")),n=new URL(t.value),c.test(n.protocol))&&n.host===r.host&&l.activeElement===s&&(d.top.location.href=t.value))}},d.addEventListener(\"message\",d.wp.receiveEmbedMessage,!1),l.addEventListener(\"DOMContentLoaded\",function(){for(var e,t,s=l.querySelectorAll(\"iframe.wp-embedded-content\"),r=0;r<s.length;r++)(t=(e=s[r]).getAttribute(\"data-secret\"))||(t=Math.random().toString(36).substring(2,12),e.src+=\"#?secret=\"+t,e.setAttribute(\"data-secret\",t)),e.contentWindow.postMessage({message:\"ready\",secret:t},\"*\")},!1)))}(window,document);\n\/\/# sourceURL=https:\/\/www.tsp.at\/wp-includes\/js\/wp-embed.min.js\n<\/script>\n","thumbnail_url":"https:\/\/www.tsp.at\/wp-content\/uploads\/2025\/10\/photo1-1_09.jpg","thumbnail_width":1240,"thumbnail_height":1625,"description":"Wahrheitssuche in Zeiten von Digitalisierung und K\u00fcnstlicher Intelligenz 14.02.2024 Villach \u2013 Die Suche nach der Wahrheit kann als Ziel aller Philosophie angesehen werden. Und auch wenn von der Wahrheit angenommen wird, dass sie m\u00f6glichst mit der Wirklichkeit \u00fcbereinstimmen sollte, so ist das h\u00e4ufig nicht (mehr) der Fall. Einen Ausblick auf die Wahrheitssuche in Zeiten von&hellip;"}

Toleranzgespräche Vorstellung am 22. Februar in Villach - Temmel | Seywald - Corporate Communications

<blockquote class="wp-embedded-content" data-secret="xG5ghUl04c"><a href="https://www.tsp.at/en/2024/02/14/toleranzgespraeche-vorstellung-am-22-februar-in-villach/">Toleranzgespräche Vorstellung am 22. Februar in Villach</a></blockquote><iframe sandbox="allow-scripts" security="restricted" src="https://www.tsp.at/en/2024/02/14/toleranzgespraeche-vorstellung-am-22-februar-in-villach/embed/#?secret=xG5ghUl04c" width="600" height="338" title="&#8220;Toleranzgespräche Vorstellung am 22. Februar in Villach&#8221; &#8212; Temmel | Seywald - Corporate Communications" data-secret="xG5ghUl04c" frameborder="0" marginwidth="0" marginheight="0" scrolling="no" class="wp-embedded-content"></iframe><script>
/*! This file is auto-generated */
!function(d,l){"use strict";l.querySelector&&d.addEventListener&&"undefined"!=typeof URL&&(d.wp=d.wp||{},d.wp.receiveEmbedMessage||(d.wp.receiveEmbedMessage=function(e){var t=e.data;if((t||t.secret||t.message||t.value)&&!/[^a-zA-Z0-9]/.test(t.secret)){for(var s,r,n,a=l.querySelectorAll('iframe[data-secret="'+t.secret+'"]'),o=l.querySelectorAll('blockquote[data-secret="'+t.secret+'"]'),c=new RegExp("^https?:$","i"),i=0;i<o.length;i++)o[i].style.display="none";for(i=0;i<a.length;i++)s=a[i],e.source===s.contentWindow&&(s.removeAttribute("style"),"height"===t.message?(1e3<(r=parseInt(t.value,10))?r=1e3:~~r<200&&(r=200),s.height=r):"link"===t.message&&(r=new URL(s.getAttribute("src")),n=new URL(t.value),c.test(n.protocol))&&n.host===r.host&&l.activeElement===s&&(d.top.location.href=t.value))}},d.addEventListener("message",d.wp.receiveEmbedMessage,!1),l.addEventListener("DOMContentLoaded",function(){for(var e,t,s=l.querySelectorAll("iframe.wp-embedded-content"),r=0;r<s.length;r++)(t=(e=s[r]).getAttribute("data-secret"))||(t=Math.random().toString(36).substring(2,12),e.src+="#?secret="+t,e.setAttribute("data-secret",t)),e.contentWindow.postMessage({message:"ready",secret:t},"*")},!1)))}(window,document);
//# sourceURL=https://www.tsp.at/wp-includes/js/wp-embed.min.js
</script>

Wahrheitssuche in Zeiten von Digitalisierung und Künstlicher Intelligenz 14.02.2024 Villach – Die Suche nach der Wahrheit kann als Ziel aller Philosophie angesehen werden. Und auch wenn von der Wahrheit angenommen wird, dass sie möglichst mit der Wirklichkeit übereinstimmen sollte, so ist das häufig nicht (mehr) der Fall. Einen Ausblick auf die Wahrheitssuche in Zeiten von&hellip;
